343366?
2, 135171683
List the prime factors of 61400708.
2, 23, 31, 21529
What are the prime factors of 208676607?
3, 4513, 15413
What are the prime factors of 1844650134?
2, 3, 89, 881, 1307
List the prime factors of 261535596.
2, 3, 7, 271, 11489
List the prime factors of 490844623.
490844623
List the prime factors of 326029784.
2, 23, 43, 89, 463
List the prime factors of 564244524.
2, 3, 37, 149, 2843
What are the prime factors of 471597607?
13, 97, 373987
List the prime factors of 38385448.
2, 4798181
What are the prime factors of 1260308776?
2, 5563, 28319
What are the prime factors of 76181770?
2, 5, 7, 155473
List the prime factors of 3321883534.
2, 97, 17123111
List the prime factors of 58257149.
58257149
What are the prime factors of 240174323?
53, 197, 23003
What are the prime factors of 800740865?
5, 37, 41, 229, 461
List the prime factors of 311852234.
2, 397, 392761
List the prime factors of 89065134.
2, 3, 991, 4993
What are the prime factors of 100138624?
2, 29, 53, 509
What are the prime factors of 1541580536?
2, 17, 11335151
What are the prime factors of 133034848?
2, 4157339
What are the prime factors of 393597734?
2, 2473, 79579
List the prime factors of 909924522.
2, 3, 13, 11665699
What are the prime factors of 1664327286?
2, 3, 79, 251, 4663
List the prime factors of 981797220.
2, 3, 5, 37, 49139
What are the prime factors of 171071886?
2, 3, 3793, 7517
What are the prime factors of 36797051?
36797051
List the prime factors of 13871147.
13871147
List the prime factors of 26466379.
241, 109819
What are the prime factors of 3218547459?
3, 2689, 398977
What are the prime factors of 3620748930?
2, 3, 5, 607, 198833
What are the prime factors of 4925700878?
2, 7, 179, 271, 7253
List the prime factors of 87354112.
2, 341227
List the prime factors of 18025657.
13, 109, 12721
List the prime factors of 30089313.
3, 23, 31, 521
What are the prime factors of 1054105173?
3, 11, 37, 26161
List the prime factors of 2585738.
2, 137, 9437
What are the prime factors of 464746776?
2, 3, 13, 59, 25247
What are the prime factors of 101136336?
2, 3, 7, 23, 569
List the prime factors of 158285411.
31, 5105981
What are the prime factors of 2320841693?
13903, 166931
What are the prime factors of 744419578?
2, 7, 53172827
What are the prime factors of 73579305?
3, 5, 19, 258173
List the prime factors of 155820998.
2, 23, 3387413
What are the prime factors of 201342755?
5, 653, 61667
What are the prime factors of 34205791?
34205791
What are the prime factors of 1700741553?
3, 7, 1259, 64327
What are the prime factors of 628649071?
59, 10655069
What are the prime factors of 766779499?
41, 1451, 12889
List the prime factors of 2408322892.
2, 811, 742393
List the prime factors of 1528013636.
2, 382003409
List the prime factors of 5922777.
3, 7, 43, 937
What are the prime factors of 217915853?
179, 1217407
List the prime factors of 16405434.
2, 3, 911413
What are the prime factors of 219919753?
557, 394829
List the prime factors of 342652864.
2, 29, 353, 523
List the prime factors of 1176951639.
3, 19801, 19813
List the prime factors of 152486957.
7, 17, 211, 6073
What are the prime factors of 3782970131?
3782970131
What are the prime factors of 59039101?
11, 5367191
What are the prime factors of 86831214?
2, 3, 14471869
What are the prime factors of 35600987?
23, 509, 3041
What are the prime factors of 22124910?
2, 3, 5, 737497
What are the prime factors of 691547497?
691547497
List the prime factors of 260302247.
23, 1669, 6781
List the prime factors of 5196766020.
2, 3, 5, 59, 853, 1721
List the prime factors of 532840092.
2, 3, 59, 149, 5051
What are the prime factors of 14340746?
2, 7, 1024339
What are the prime factors of 3844113863?
31, 124003673
List the prime factors of 507729895.
5, 101545979
What are the prime factors of 4068383?
11, 33623
List the prime factors of 94130359.
94130359
What are the prime factors of 1047816195?
3, 5, 367, 190339
What are the prime factors of 384591605?
5, 857, 89753
What are the prime factors of 672823619?
13, 71, 728953
List the prime factors of 116200610.
2, 5, 17, 479, 1427
List the prime factors of 35645087.
683, 52189
What are the prime factors of 732826431?
3, 81425159
List the prime factors of 402531762.
2, 3, 67088627
List the prime factors of 6696908974.
2, 7, 17, 28138273
List the prime factors of 152692413.
3, 59, 862669
What are the prime factors of 147406379?
23, 278651
What are the prime factors of 12980788?
2, 71, 45707
List the prime factors of 3631993531.
6569, 552899
List the prime factors of 1889349677.
4663, 405179
What are the prime factors of 2563552059?
3, 11489, 74377
What are the prime factors of 35438973?
3, 11812991
What are the prime factors of 373160755?
5, 11, 359, 18899
List the prime factors of 4962995128.
2, 7, 13, 6817301
List the prime factors of 3169771564.
2, 792442891
List the prime factors of 73577627.
2029, 36263
What are the prime factors of 280935710?
2, 5, 11, 17, 19, 7907
List the prime factors of 174099652.
2, 17, 37, 69197
List the prime factors of 310730257.
911, 341087
What are the prime factors of 254018863?
7, 36288409
What are the prime factors of 1169938735?
5, 7, 29, 1152649
What are the prime factors of 3386943756?
2, 3, 7, 29, 463457
List the prime factors of 203150421.
3, 23, 89, 11027
What are the prime factors of 208952900?
2, 5, 13, 67, 2399
What are the prime factors of 32754826?
2, 13, 67, 18803
List the prime factors of 237717506.
2, 13, 9142981
List the prime factors of 39963504.
2, 3, 7, 83, 1433
List the prime factors of 1596717058.
2, 798358529
What are the prime factors of 656513789?
656513789
What are the prime factors of 10053444?
2, 3, 641, 1307
List the prime factors of 183504153.
3, 7, 8738293
What are the prime factors of 589350875?
5, 149, 31643
List the prime factors of 4128108283.
13, 17, 19, 59, 877
List the prime factors of 302564691.
3, 11, 13, 17, 13829
List the prime factors of 1633184851.
23, 29, 2448553
List the prime factors of 90155962.
2, 13, 3467537
What are the prime factors of 1103423141?
71, 15541171
What are the prime factors of 158123377?
19, 8322283
List the prime factors of 124542944.
2, 823, 4729
What are the prime factors of 436692394?
2, 41, 59, 90263
List the prime factors of 2465716.
2, 11, 56039
What are the prime factors of 4941285470?
2, 5, 11, 71, 113, 509
What are the prime factors of 4630030766?
2, 2315015383
List the prime factors of 116538142.
2, 7, 83, 100291
List the prime factors of 4342249420.
2, 5, 217112471
What are the prime factors of 78484614?
2, 3, 13, 17, 29, 157
What are the prime factors of 454247348?
2, 167, 439, 1549
What are the prime factors of 266475901?
17, 15675053
What are the prime factors of 31803389?
31803389
List the prime factors of 939849760.
2, 5, 17, 345533
List the prime factors of 5414025530.
2, 5, 17, 743, 42863
List the prime factors of 414470894.
2, 43, 157, 30697
What are the prime factors of 925870683?
3, 1187, 260003
What are the prime factors of 474479128?
2, 83, 714577
What are the prime factors of 313321169?
7, 17, 1193, 2207
What are the prime factors of 340528757?
340528757
What are the prime factors of 461542944?
2, 3, 1367, 3517
List the prime factors of 146778654.
2, 3, 11, 97, 101, 227
List the prime factors of 85000314.
2, 3, 7, 2023817
List the prime factors of 833112757.
37, 673, 33457
What are the prime factors of 7525833?
3, 7, 358373
List the prime factors of 5907769225.
5, 131, 739, 2441
What are the prime factors of 7517710883?
7517710883
What are the prime factors of 1715808324?
2, 3, 181, 789967
What are the prime factors of 77924881?
1553, 50177
List the prime factors of 88036789.
163, 271, 1993
List the prime factors of 5660782035.
3, 5, 107, 1283, 2749
List the prime factors of 30864638.
2, 7, 761, 2897
What are the prime factors of 864479?
7, 11, 103, 109
List the prime factors of 174189779.
174189779
List the prime factors of 417483980.
2, 5, 191, 293, 373
List the prime factors of 4029575.
5, 11, 14653
What are the prime factors of 56302804?
2, 23, 29, 47, 449
What are the prime factors of 867140781?
3, 13, 22234379
What are the prime factors of 2511954826?
2, 233, 271, 19891
List the prime factors of 4056950.
2, 5, 41, 1979
What are the 